
Let m = 0 - 1. Let p(d) = 0*d**2 + 15 + d**2 - 16 + d. Give p(m).
-1
Let w(t) = 5*t**3 + t**2 - 5. Let j(k) = -2*k**3 + 2. Let r(m) = 7*j(m) + 3*w(m). Give r(-3).
-1
Let k(n) = 6*n**3 + 2*n**2 - 1. Suppose 19 + 6 = 5*g. Suppose g*j + 1 + 4 = 0. Give k(j).
-5
Let k(q) = -2*q**3 - q**2 + 2*q - 1. Let s be k(-2). Let w = s - 7. Let y(n) = n**3 + 4. Give y(w).
4
Let a(z) = 5*z**3 - 2*z - 1. Let f(j) = -j**3 + 9*j**2 + j - 1. Let u be f(9). Suppose 5*l - 25 = -3*m + u*m, 9 = -m + 2*l. Determine a(m).
-4
Let x(c) = 3*c**2 + 5*c + 9. Let i(g) = -g**2. Let z(s) = 2*i(s) + x(s). Let u(o) be the first derivative of z(o). Give u(-6).
-7
Let p(n) = 2*n**2 + 7*n + 1. Suppose -5*b + 3 = -12, -89 = 4*g + b. Let l = 18 + g. Determine p(l).
16
Let s(f) = f**2 + 3*f - 9. Let n(v) = v**2 + 2*v - 10. Let z(c) = -3*n(c) + 4*s(c). What is z(-5)?
-11
Let s(l) be the second derivative of 0 + 1/2*l**4 - l - 1/2*l**2 + 0*l**3. Suppose -3 = -2*t + z - 6*z, 5*t + 3 = -2*z. Give s(t).
5
Suppose 0*c - 20 = 4*c. Let b(u) = 2*u + 1. What is b(c)?
-9
Let b(d) = d**3 + 6*d**2 - 3*d - 18. Let t be b(-6). Let i(r) = -r**3 + r**2 + r - 6. Determine i(t).
-6
Let d(k) = -k**2 + 3*k + 5. Let y(r) = r**3 + 7*r**2 + 4*r - 7. Let z be y(-6). What is d(z)?
-5
Let w(l) = -2*l - 1. Let o be w(-3). Let g(r) be the third derivative of 1/60*r**o - 5/24*r**4 + 0*r + 0*r**3 + 2*r**2 + 0. Give g(5).
0
Let f(p) = p + 22. Let b be f(-16). Let i(a) = -a**3 + 5*a**2 + 6*a - 5. Calculate i(b).
-5
Let a(i) = 3 - 2*i + 3 - 5. Determine a(4).
-7
Let m be (-298)/(-14) - 4/14. Let s be (90/m)/(2/14). Suppose -40 = -4*t - 3*x + 7*x, -5*x = -t + s. Let w(v) = -v**2 + 5*v + 3. What is w(t)?
3
Let k(q) be the first derivative of -1/3*q**3 - 7/2*q**2 - 8 - 3*q. Determine k(-5).
7
Suppose -2*y = -5*y - 4*n - 13, 17 = 5*y - 3*n. Let a = -4 + 6. Suppose -y = a*v - 5. Let t(r) = 2*r - 2. What is t(v)?
2
Let q(y) = 2*y + 5. Let w(g) = -g - 1. Let f(v) = -1 + v + 9 + 2*v. Let h(b) = -f(b) + w(b). Let k(p) = 6*h(p) + 11*q(p). What is k(2)?
-3
Let l(r) = -r**3 - 6*r**2 + 8*r + 9. Let b be l(-7). Let g(x) = x**2. Let h be g(b). Suppose h*d + d = 0. Let q(z) = -z**2 - z - 4. Give q(d).
-4
Let n(d) = -d - 2. Let z = -5 + 9. Let l = z - 1. Suppose -l*s = -s - 8. What is n(s)?
-6
Let l be (-3 - -4)*26/(-2). Let h(w) = 11*w + 17. Let x(a) = 5*a + 8. Let c(g) = l*x(g) + 6*h(g). Let v = 5 + -3. Give c(v).
0
Let h(x) = -2*x**3 + x**2 + 3*x - 3. Suppose -3*n + 14 = 2*l, -l = 9*n - 7*n - 8. Calculate h(n).
-9
Let f(c) = c**3 + 10*c**2 + 8*c - 12. Let d be f(-9). Let j(s) = -s**3 - 3*s**2 - 2*s + 3. Determine j(d).
9
Let y(a) = -6*a + 2*a**2 + 0*a - a**2 + 1. Determine y(4).
-7
Let s(v) = -v**2 + v - 3. Let z be (-1 - -1)*14/42. Calculate s(z).
-3
Let g(i) = -4 - 9 + 3 + 1 + 8*i - i**2. Give g(6).
3
Let n(s) = -s**2 - 4*s - 2. Let c(i) = 5*i**2 + 15*i + 7. Let t(o) = 2*c(o) + 9*n(o). Let h(d) = 20 + 2*d + 0*d - d. Let p be h(-15). What is t(p)?
-9
Suppose 3 - 6 = -h. Suppose -h*p + 5 = -22. Suppose -p = -2*a + t, 4*a + 29 = 9*a + 4*t. Let s(g) = -g**2 + 4*g - 3. Give s(a).
-8
Let y(r) = 16*r**2 + 36*r + 5. Let o(h) = -3*h**2 - 7*h - 1. Let b(s) = -11*o(s) - 2*y(s). Suppose -u = -5*f - 20, -2*f + 2*u = 3*u + 8. Give b(f).
-3
Let p(o) = o + 6. Let v be ((1 - 2) + 7)/2. Let g(j) = 2*j + 12. Let n(y) = v*g(y) - 7*p(y). Give n(5).
-11
Let p(j) = -3*j - 3 + 8 - 1 + 7*j + j**2. Let b be p(-4). Let x(k) = -k - 4. What is x(b)?
-8
Let u = -2 + 3. Let g(b) = -b**2 - 3*b - 3. Let n be g(-2). Let t = n - u. Let s(a) = a**2 + a - 2. What is s(t)?
0
Suppose -2*z + 5*z + 6 = 0. Let r be z/(-4) - 13/2. Let d = r + 4. Let y(g) = g**2 + g - 2. What is y(d)?
0
Suppose -4*f + n + 13 = 0, 0*f + 4*f + n = 11. Let s(y) = -y**3 + y**2 + 3. Determine s(f).
-15
Let j = -18 - -25. Let q(c) = 4*c - j + 0*c - 5*c. Suppose 0*g + 4*g = -16. Give q(g).
-3
Let v(g) = -8 + 8 + 2*g + 7 - g. Let n be (-2)/(1 + (-9)/15). Determine v(n).
2
Let v(m) be the first derivative of m**4/4 + 2*m**3 + 3*m**2/2 - 5*m - 6. Let s(c) = c**2 - 7*c - 5. Let z be s(7). What is v(z)?
5
Let b(w) = -2*w**2 + 20*w - 4. Let x be b(10). Let c(d) = -d**3 - 4*d**2 - 5*d - 3. What is c(x)?
17
Suppose b + 4*u = -1, b = 2*b - 2*u - 5. Let p(m) = -4 - m**2 + 17*m - 15*m + b. What is p(2)?
-1
Let n(v) = -v**3 - v**2 - v + 1. Let k be n(0). Suppose 0 = w - 2*i - i + 13, 4*w - 2*i + 2 = 0. Let d(q) = -q**2 + q**w + 2*q**3 + q**2 + q**3. Calculate d(k).
4
Let y(j) = 2*j - 13. Let v(d) = -5*d + 4*d + 3 + 3 - 2. Let l(w) = 7*v(w) + 2*y(w). Give l(-3).
11
Suppose m + 5*g + 5 = 0, 3*m + 0*g + 3 = -3*g. Suppose 7*x - 3*x - 12 = m. Let j(t) = t**3 - 3*t**2 - t + 1. Calculate j(x).
-2
Suppose -22 = -4*x - p, -2 = x + 2*p - 4. Let c(u) = 3*u**2 + 9*u + 11. Let k(b) = b**2 + b + 1. Let y(h) = -c(h) + 4*k(h). Calculate y(x).
-1
Let a(q) = 2*q**3 + q + 1. Let s = 6 + -7. Calculate a(s).
-2
Suppose -4*p + 3*s = 38, 5*p + 2*s + 48 = 6*s. Let f be ((-3)/(-4))/((-2)/p). Let w = f + -3. Let o(r) = -r**2 + 1. Give o(w).
1
Let a(v) = v**3 + 5*v**2. Let u(z) = 2*z**2 + 2*z - 1. Let h be u(1). Let l(s) = h + 2*s + 0*s - s. Let m be l(-8). Give a(m).
0
Let d(q) = -4*q + 1. Let o = 0 - -2. Let f be (-1)/o*(2 + -4). Let b be (-1)/f*(-1)/1. Calculate d(b).
-3
Let b be 2*1/(-4)*6. Let w be -3*(-2)/3*1. Let k(f) = w*f + 1 - 1. Calculate k(b).
-6
Let c be 7/3 + 14/21. Let n(v) be the first derivative of -1/3*v**c - 3/2*v**4 + 1 + v**2 - v. Give n(1).
-6
Let w(b) = 9*b**3 + 5*b**2 + 9*b + 1. Let r(o) = 13*o**3 + 7*o**2 + 13*o + 2. Let p(j) = 5*r(j) - 7*w(j). Determine p(-2).
-17
Let q(o) be the second derivative of -o**2 + 0 + 1/6*o**3 + o. What is q(5)?
3
Let f(q) = q**2 - 6*q + 9. Let j be -1 + 0 + 0 + 7. Determine f(j).
9
Let z(n) = n - 2. Let s(p) = -p + 4. Let d be s(3). Give z(d).
-1
Let j = -7 - -3. Let w = j - -4. Suppose 0 = -3*p + 3*b, 3*p + 5*b - 2 - 6 = w. Let k(x) = 3*x**2 - x. Determine k(p).
2
Let x(u) be the first derivative of -u**4/12 - 7*u**3/6 + 5*u**2/2 + 4*u + 5. Let y(z) be the first derivative of x(z). Give y(-7).
5
Suppose 0 = -3*k - 0*k - 3, 0 = -3*m - 5*k + 4. Let t(g) = 5*g**2 - 7 + 2 + 3 - 7*g + g**m. Determine t(-6).
4
Let k(u) = u**3 - 4*u**2 + 2*u. Let p(i) = -i**3 + 4*i**2 - i - 1. Let h(b) = -3*k(b) - 2*p(b). Give h(4).
-14
Let m(p) = -p**2 - 5*p + 1. Let x(z) = z**2 - 3*z. Let l be x(4). Suppose -l*o = -0*o - 48. Suppose -f - 4*t = 3*f + o, f = 4*t - 13. Give m(f).
1
Suppose 0 = -7*u + 4*u - 15. Let x(a) = 2*a + 6*a**2 - 5*a**2 - a + 2*a - 7. What is x(u)?
3
Suppose -4*a + 4*v = 1 + 3, 3*v = a - 7. Let m(g) = -g - 7. Determine m(a).
-2
Let d(w) be the first derivative of -w**4/4 - 5*w**3/3 + w - 7. Calculate d(-5).
1
Let l(f) = -f**3 + 6*f**2 + 7*f. Let x(z) = -3*z**3 + 11*z**2 + 14*z + 1. Let q(t) = -5*l(t) + 2*x(t). Let y be q(-7). Let g(u) = -4*u**2 + 3*u. What is g(y)?
-10
Let h(f) be the first derivative of 3*f**2/2 - 3*f - 5. Suppose -4*p + 30 = 2*g, -5*g + 27 = 4*p - 2*p. Let z be p + -5 + 2 + 0. Calculate h(z).
6
Let a(q) = 2*q + 3. Let v(g) = g**2 - 7*g - 11. Let s be v(9). Let w = 10 - s. Determine a(w).
9
Let s(d) be the second derivative of -d**3/6 - 7*d**2/2 + 5*d. Give s(-6).
-1
Let m(b) = b**2 + 0 - 9*b + 13*b + 2. Give m(-3).
-1
Let m(i) = -5*i - 5. Let h(q) = -q + 2. Let v(f) = 3*h(f) + m(f). What is v(1)?
-7
Let w(b) be the third derivative of 1/24*b**4 + 0 + 0*b + b**2 + 5/6*b**3. Give w(-4).
1
Let u(i) = i + 6. Let g be u(1). Let d(w) = -w**2 + 8*w - 8. Give d(g).
-1
Let w(m) be the second derivative of 0 - m + 9/2*m**2 - 1/3*m**3. Calculate w(6).
-3
Let u(c) be the second derivative of -c**4/8 + c**3/3 - c**2/2 + 2*c. Let f(z) be the first derivative of u(z). Determine f(-3).
11
Let y(s) be the third derivative of s**4/24 - s**3/6 + 11*s**2. Calculate y(3).
2
Let f = -16 - -27. Let j = f - 7. Let q(o) = -o**3 + o - j + 2*o**2 - 3*o**2 + 2 + 0*o. Determine q(0).
-2
Let u = 2 + -6. Let p(b) = b**2 + 5*b - 3. Let i be p(-6). Let c(z) = -3*z - i + 2 + 4*z. Give c(u).
-5
Let c(m) be the second derivative of m + 7/6*m**3 + 1/2*m**2 + 0. What is c(-1)?
-6
Let g(b) = -10*b**3 + b**2 - 2*b + 1. Suppose 0 = 7*d - 3*d - 2*j - 12, d = -j + 3. Suppose x = -4*p - 19, d*p = 3*x + 6 - 24. Give g(x).
-10
Let q(d) = -d**2 + 4*d - 6. Suppose -3*g + 3 = b - 17, -4*b = 2*g - 30. Deter